 a(30)?
-8
Let z(d) = 20*d - 180. Determine z(-5).
-280
Let m(g) = 10*g**2 + g + 8. Determine m(-2).
46
Let j(t) = -t**3 + 37*t**2 + 854*t + 60. What is j(-16)?
-36
Let s(w) = w**3 + 17*w**2 + 32*w - 13. Calculate s(-14).
127
Let t(g) = 28*g + 160. What is t(-7)?
-36
Let y(r) = -3*r**3 + 172*r**2 + 138*r - 1265. Calculate y(58).
11
Let z(o) = 5*o**2 - 208*o + 2216. Calculate z(22).
60
Let m(t) = -659*t - 13243. Calculate m(-20).
-63
Let z(h) = 68*h + 7063. What is z(-104)?
-9
Let w(i) = -880*i + 5280. Give w(6).
0
Let o(b) = -b**3 - 15*b**2 - 44*b + 89. What is o(-9)?
-1
Let l(r) = r**2 + 285*r + 1091. What is l(-4)?
-33
Let n(y) = 47*y - 1223. What is n(26)?
-1
Let d(v) = v**2 + 34*v - 50. Give d(-36).
22
Let v(z) = -8715*z + 148149. What is v(17)?
-6
Let j(q) = -q**3 - 10*q**2 + 32*q + 157. Calculate j(-13).
248
Let k(y) = -y**3 + 3*y**2 - 5*y - 23. Determine k(-6).
331
Let k(r) = 1666*r - 16636. Give k(10).
24
Let k(w) = 16*w**2 - 176*w + 34. Give k(11).
34
Let z(t) = 6*t**3 - 3*t**2 - 105*t + 210. What is z(2)?
36
Let s(b) = 126*b - 6942. Determine s(55).
-12
Let w(o) = -o**2 + 19*o + 352. Give w(30).
22
Let b(w) = w**3 + 14*w**2 - 3*w - 204. What is b(-13)?
4
Let c(n) = -n**3 - 12*n**2 + 3*n + 110. What is c(-7)?
-156
Let w(z) = -952*z + 10478. Determine w(11).
6
Let p(k) = 834*k - 66. Give p(0).
-66
Let f(c) = -1264*c + 88478. Calculate f(70).
-2
Let a(g) = 28*g**2 + g + 1. Give a(-2).
111
Let l(r) = -50*r - 446. Give l(-8).
-46
Let k(x) = -x**3 - 12*x**2 - 23*x - 12. What is k(-10)?
18
Let d(u) = -63*u + 1476. Determine d(23).
27
Let w(y) = 19*y + 2789. Calculate w(-147).
-4
Let s(z) = 86*z**2 - 4*z - 4. Determine s(-1).
86
Let y(t) = 4*t**2 - 88*t + 88. Determine y(1).
4
Let d(o) = 23*o + 314. What is d(-13)?
15
Let n(h) = 28*h + 1308. Determine n(-48).
-36
Let b(q) = 199*q - 1027. What is b(5)?
-32
Let g(f) = -f**2 + 473*f + 2381. Determine g(-5).
-9
Let x(s) = 67*s + 20. Calculate x(1).
87
Let y(s) = s**3 + 37*s**2 + 26*s - 280. Determine y(-36).
80
Let x(a) = 31*a**2 - 4*a - 1. What is x(-3)?
290
Let i(h) = -48*h + 169. Calculate i(3).
25
Let v(d) = -d**3 - 28*d**2 + 40*d + 63. Give v(-29).
-256
Let r(p) = 5*p**2 + 417*p + 567. Give r(-82).
-7
Let b(c) = 5*c + 14. What is b(-17)?
-71
Let u(b) = -2*b**2 - 124*b - 565. What is u(-5)?
5
Let i(g) = 22*g + 926. Give i(-42).
2
Let t(n) = -3*n**2 + 17*n + 21. Calculate t(7).
-7
Let s(h) = h**3 - 15*h**2 - 4*h - 47. Give s(15).
-107
Let k(y) = -y**2 - 181*y - 238. Give k(0).
-238
Let x(d) = d**2 + 26*d + 26. Give x(-16).
-134
Let m(f) = 17*f**2 + 174*f + 33. What is m(-10)?
-7
Let w(d) = -4*d**3 + 5*d**2 + 24*d + 148. Determine w(-5).
653
Let i(t) = t**3 - 9*t**2 + 124*t - 1102. Calculate i(9).
14
Let q(z) = -54*z**2 + 376*z + 7. What is q(7)?
-7
Let v(m) = -59*m + 2788. Calculate v(47).
15
Let g(n) = -n**3 - 81*n**2 - 5*n - 409. What is g(-81)?
-4
Let j(s) = -487*s**2 - 10715*s + 1. Calculate j(-22).
23
Let y(a) = -5*a**3 - 28*a**2 + 13*a + 23. Calculate y(-6).
17
Let t(o) = -o**3 - 4*o**2 + 170*o + 689. Calculate t(-13).
0
Let i(m) = 2*m**3 + 14*m**2 - 35*m + 27. Give i(-9).
18
Let q(y) = 312*y - 17792. Calculate q(57).
-8
Let y(r) = 9*r + 120. Calculate y(-24).
-96
Let v(z) = z**3 + 6*z**2 + 2*z + 230. Determine v(-9).
-31
Let u(c) = -2*c**3 - 7*c**2 + 8*c + 18. Determine u(-4).
2
Let m(z) = -63*z + 289. Give m(-4).
541
Let y(f) = -f**3 + 57*f**2 - 76*f + 1083. Calculate y(56).
-37
Let l(m) = -m**3 + 2*m**2 - 15*m + 45. What is l(3)?
-9
Let v(c) = c**3 - 13*c**2 + 36*c - 36. Determine v(10).
24
Let k(a) = 3*a**3 + 51*a**2 + 79*a - 160. What is k(-15)?
5
Let g(q) = -3*q**3 - 14*q**2 - 38*q - 56. Determine g(-8).
888
Let u(j) = -j**2 - 56*j - 4. What is u(-55)?
51
Let d(w) = w**3 - 76*w**2 + 174*w - 1923. Calculate d(74).
1
Let o(s) = s**3 - 7*s**2 + 3*s - 12. Calculate o(2).
-26
Let p(a) = 5*a**2 - 123*a - 121. Calculate p(-1).
7
Let m(n) = 23*n**2 - 505*n + 21. What is m(22)?
43
Let g(u) = u**2 + 53*u - 77. What is g(-55)?
33
Let n(l) = -39*l - 2814. Determine n(-68).
-162
Let k(a) = 243*a**2 + 1216*a + 20. Give k(-5).
15
Let a(y) = y**3 - 59*y**2 + 98*y + 914. Give a(57).
2
Let d(t) = 73*t + 1462. Calculate d(-20).
2
Let z(k) = 56*k - 387. Give z(7).
5
Let p(w) = -117*w - 3153. Give p(-27).
6
Let x(d) = -17*d**2 - 140*d - 23. Calculate x(-8).
9
Let b(z) = 3*z**3 + 172*z**2 - 125*z - 516. What is b(-58)?
6
Let o(t) = -383*t**2 + 5*t + 6. Determine o(-1).
-382
Let l(r) = 4*r**2 - 10*r - 1027. Calculate l(-15).
23
Let w(c) = -c**3 - 25*c**2 - 88*c - 67. Determine w(-21).
17
Let o(d) = d**3 - 9*d**2 - 455*d + 1413. Calculate o(3).
-6
Let v(n) = 33*n**2 - 15*n - 25. Calculate v(3).
227
Let y(k) = -3*k**2 - 39*k - 41. Give y(-12).
-5
Let g(x) = -x**3 - 14*x**2 - 26*x - 20. Determine g(-12).
4
Let i(g) = -68*g + 1197. Calculate i(18).
-27
Let t(a) = 72*a**3 - 3*a - 1. Give t(-1).
-70
Let c(y) = -2*y**2 - 70*y + 152. What is c(-37)?
4
Let r(m) = -7*m**2 - 464*m - 7624. Calculate r(-30).
-4
Let z(j) = -2*j**3 - 6*j**2 + 13*j + 11. What is z(-5)?
46
Let g(k) = -543*k + 3255. Determine g(6).
-3
Let v(n) = -n**3 + 34*n**2 + 112*n + 40. What is v(37)?
77
Let q(b) = b**3 + 3*b**2 - 58*b + 119. Calculate q(7).
203
Let r(x) = -2*x**2 - 58*x - 382. Calculate r(-9).
-22
Let f(i) = i**3 - 23*i**2 - 228*i - 617. What is f(31)?
3
Let b(g) = g**3 - 16*g**2 - 25*g - 76. Calculate b(13).
-908
Let f(r) = 54*r + 28. Determine f(1).
82
Let g(y) = 114*y - 19383. Determine g(170).
-3
Let n(q) = 41*q - 1973. Calculate n(48).
-5
Let y(l) = 2*l**3 + 171*l**2 - 96*l - 879. Determine y(-86).
-19
Let x(m) = -19*m + 197. Determine x(10).
7
Let o(x) = -2*x**3 + 59*x**2 - 26*x + 40. Give o(29).
127
Let a(q) = -19*q**3 - 9*q**2 - 26*q - 7. Give a(-2).
161
Let v(b) = -b**2 + 408*b - 8119. Give v(21).
8
Let t(d) = -21*d**2 - 31*d - 39. Determine t(-2).
-61
Let u(z) = 5*z**2 + 176*z + 35. Calculate u(-35).
0
Let v(g) = 10*g**3 - 7*g**2 + 7*g + 2. What is v(3)?
230
Let u(k) = -52*k + 1405. Calculate u(27).
1
Let u(f) = -f**2 + 438*f - 3778. Determine u(9).
83
Let u(j) = 320*j**2 - 637*j + 7. Determine u(2).
13
Let l(u) = u**3 - 7*u**2 - 4*u + 29. Determine l(7).
1
Let u(c) = -2*c**2 + 88*c - 50. Calculate u(45).
-140
Let c(u) = u**3 - 17*u**2 + 6*u + 132. Calculate c(16).
-28
Let n(l) = l**3 - 9*l**2 - 96*l + 79. Calculate n(15).
-11
Let j(g) = g**3 - 2*g**2 - 25*g + 37. What is j(-5)?
-13
Let q(l) = -2*l**2 - 315*l - 1369. Give q(-153).
8
Let k(f) = 2*f**3 - 27*f**2 - 17*f + 22. Give k(14).
-20
Let u(x) = x**2 - 220*x + 2152. Calculate u(10).
52
Let r(l) = -l**2 - 36*l + 88. Calculate r(-36).
88
Let y(w) = 106*w + 2045. Determine y(-20).
-75
Let z(y) = y**3 - 20*y**2 + 31*y + 2. What is z(18)?
-88
Let o(w) = 130*w**3 - w**2 + 2. Give o(-1).
-129
Let d(y) = 6*y**3 + 1651*y**2 + 276*y + 277. What is d(-275)?
2
Let c(h) = -70*h + 3360. Give c(49).
-70
Let c(n) = -n**3 + 12*n**2 + 28*n - 101. What is c(9)?
394
Let a(k) = -9*k - 1025. Determine a(-114).
1
Let o(u) = -4688*u + 23434. Determine o(5).
-6
Let t(j) = 391*j - 2303. Determine t(6).
43
Let p(b) = b**2 + 15*b - 29. What is p(0)?
-29
Let o(d) = -15*d**2 - 286*d - 12. Calculate o(-19).
7
Let j(b) = -43*b**2 + b + 3. What is j(-1)?
-41
Let r(z) = 31*z - 1089. Calculate r(35).
-4
Let c(x) = 3*x**2 - 48*x + 37. Determine c(12).
-107
Let t(u) = -3*u**2 + 794*u + 2680. What is t(268)?
0
Let s(i) = -i**2 + 715*i + 3583. Give s(-5).
-17
Let i(a) = 696*a + 3477. Calculate i(-5).
-3
Let y(w) = -24*w**2 + 380*w + 85. Calculate y(16).
21
Let g(s) = -85*s - 2691. Determine g(-31).
-56
Let a(h) = 2*h**2 + 113*h + 1261. Calculate a(-17).
-82
Let n(u) = 244*u + 16107. Give n(-66).
3
Let z(v) = -2*v**2 - 70*v - 661. Determine z(-18).
-49
Let g(c) = -129*c - 3654. Calculate g(-30).
216
Let w(a) = a**2 + 10*a - 81. Determine w(5).
-6
Let s(q) = -q**3 + 16*q**2 - 119*q + 1900. What is s(16)?
-4
Let y(o) = -o**3 - 30*o**2 + 44*o + 437. What is y(-31)?
34
Let y(z) = -162*z + 3705. Calculate y(23).
-21
Let y(z) = -z**3 - 29*z**2 + z - 1172. Give y(-30).
-302
Let c(h) = -h**3 - 68*h**2 + 76*h + 782. Determine c(-69).
299
Let u(g) = -g**2 + 13*g + 452. Determine u(-16).
-12
Let n(y) = 2*y**2 + 65*y - 665. Calculate n(8).
-17
Let y(z) = -2*z**2 - 55*z - 192. Calculate y(-15).
183
Let z(n) = 9*n**